{"id":1632,"date":"2021-01-31T19:55:29","date_gmt":"2021-01-31T18:55:29","guid":{"rendered":"https:\/\/www.pressta-eisele.eu\/produkt\/elan-os-tamaszfal\/"},"modified":"2021-01-31T19:55:33","modified_gmt":"2021-01-31T18:55:33","slug":"elan-os-tamaszfal","status":"publish","type":"product","link":"https:\/\/www.pressta-eisele.eu\/hu\/produkt\/elan-os-tamaszfal\/","title":{"rendered":"ELAN OS &#8211; T\u00e1maszfal"},"content":{"rendered":"","protected":false},"excerpt":{"rendered":"<ul>\n<li>Ablakelemek egyszer\u0171 \u00e9s k\u00e9nyelmes mozgat\u00e1sa.<\/li>\n<li>Egy kiszolg\u00e1l\u00f3szem\u00e9ly eljuttatja a szerkezetet a k\u00edv\u00e1nt \u00f6sszeszerel\u00e9si helyre.<\/li>\n<li>A modull\u00e1ris rendszer \u00e9s az osztott g\u00f6rg\u0151sorok lehet\u0151v\u00e9 teszik a t\u00e1maszfal megtervez\u00e9s\u00e9t a gy\u00e1rt\u00e1s taktus\u00e1t\u00f3l \u00e9s a gy\u00e1rt\u00f3sor kapacit\u00e1s\u00e1t\u00f3l f\u00fcgg\u0151en.<\/li>\n<li>Stabil ac\u00e9lkonstrukci\u00f3.<\/li>\n<li>F\u00fcggetlen magass\u00e1gi be\u00e1ll\u00edt\u00e1s lehet\u0151s\u00e9ge elimin\u00e1lja a padl\u00f3zat egyenletlens\u00e9geit \u00e9s lehet\u0151v\u00e9 teszi a m\u00e1r l\u00e9tez\u0151 technol\u00f3gi\u00e1ba val\u00f3 beilleszked\u00e9st.<\/li>\n<li>El\u0151nye m\u00e9g a megkarcolt term\u00e9kek probl\u00e9m\u00e1j\u00e1nak megold\u00e1sa, \u00e9s a gy\u00e1rt\u00e1si folyamat \u00e1ttekinthet\u0151v\u00e9 t\u00e9tele.<\/li>\n<\/ul>\n","protected":false},"featured_media":0,"comment_status":"closed","ping_status":"open","template":"","meta":{"_monsterinsights_skip_tracking":false,"_monsterinsights_sitenote_active":false,"_monsterinsights_sitenote_note":"","_monsterinsights_sitenote_category":0},"product_brand":[],"product_cat":[],"product_tag":[],"class_list":{"0":"post-1632","1":"product","2":"type-product","3":"status-publish","6":"first","7":"instock","8":"product-type-simple"},"yoast_head":"<!-- This site is optimized with the Yoast SEO plugin v27.5 - https:\/\/yoast.com\/product\/yoast-seo-wordpress\/ -->\n<title>ELAN OS - T\u00e1maszfal - Pressta Eisele \u010cS<\/title>\n<meta name=\"robots\" content=\"index, follow, max-snippet:-1, max-image-preview:large, max-video-preview:-1\" \/>\n<link rel=\"canonical\" href=\"https:\/\/www.pressta-eisele.eu\/hu\/produkt\/elan-os-tamaszfal\/\" \/>\n<meta property=\"og:locale\" content=\"hu_HU\" \/>\n<meta property=\"og:type\" content=\"article\" \/>\n<meta property=\"og:title\" content=\"ELAN OS - T\u00e1maszfal - Pressta Eisele \u010cS\" \/>\n<meta property=\"og:description\" content=\"Ablakelemek egyszer\u0171 \u00e9s k\u00e9nyelmes mozgat\u00e1sa.Egy kiszolg\u00e1l\u00f3szem\u00e9ly eljuttatja a szerkezetet a k\u00edv\u00e1nt \u00f6sszeszerel\u00e9si helyre.A modull\u00e1ris rendszer \u00e9s az osztott g\u00f6rg\u0151sorok lehet\u0151v\u00e9 teszik a t\u00e1maszfal megtervez\u00e9s\u00e9t a gy\u00e1rt\u00e1s taktus\u00e1t\u00f3l \u00e9s a gy\u00e1rt\u00f3sor kapacit\u00e1s\u00e1t\u00f3l f\u00fcgg\u0151en.Stabil ac\u00e9lkonstrukci\u00f3.F\u00fcggetlen magass\u00e1gi be\u00e1ll\u00edt\u00e1s lehet\u0151s\u00e9ge elimin\u00e1lja a padl\u00f3zat egyenletlens\u00e9geit \u00e9s lehet\u0151v\u00e9 teszi a m\u00e1r l\u00e9tez\u0151 technol\u00f3gi\u00e1ba val\u00f3 beilleszked\u00e9st.El\u0151nye m\u00e9g a megkarcolt term\u00e9kek probl\u00e9m\u00e1j\u00e1nak megold\u00e1sa, \u00e9s a gy\u00e1rt\u00e1si folyamat \u00e1ttekinthet\u0151v\u00e9 t\u00e9tele.\" \/>\n<meta property=\"og:url\" content=\"https:\/\/www.pressta-eisele.eu\/hu\/produkt\/elan-os-tamaszfal\/\" \/>\n<meta property=\"og:site_name\" content=\"Pressta Eisele \u010cS\" \/>\n<meta property=\"article:modified_time\" content=\"2021-01-31T18:55:33+00:00\" \/>\n<meta name=\"twitter:card\" content=\"summary_large_image\" \/>\n<script type=\"application\/ld+json\" class=\"yoast-schema-graph\">{\"@context\":\"https:\\\/\\\/schema.org\",\"@graph\":[{\"@type\":\"WebPage\",\"@id\":\"https:\\\/\\\/www.pressta-eisele.eu\\\/hu\\\/produkt\\\/elan-os-tamaszfal\\\/\",\"url\":\"https:\\\/\\\/www.pressta-eisele.eu\\\/hu\\\/produkt\\\/elan-os-tamaszfal\\\/\",\"name\":\"ELAN OS - T\u00e1maszfal - Pressta Eisele \u010cS\",\"isPartOf\":{\"@id\":\"https:\\\/\\\/www.pressta-eisele.eu\\\/hu\\\/#website\"},\"datePublished\":\"2021-01-31T18:55:29+00:00\",\"dateModified\":\"2021-01-31T18:55:33+00:00\",\"breadcrumb\":{\"@id\":\"https:\\\/\\\/www.pressta-eisele.eu\\\/hu\\\/produkt\\\/elan-os-tamaszfal\\\/#breadcrumb\"},\"inLanguage\":\"hu\",\"potentialAction\":[{\"@type\":\"ReadAction\",\"target\":[\"https:\\\/\\\/www.pressta-eisele.eu\\\/hu\\\/produkt\\\/elan-os-tamaszfal\\\/\"]}]},{\"@type\":\"BreadcrumbList\",\"@id\":\"https:\\\/\\\/www.pressta-eisele.eu\\\/hu\\\/produkt\\\/elan-os-tamaszfal\\\/#breadcrumb\",\"itemListElement\":[{\"@type\":\"ListItem\",\"position\":1,\"name\":\"Home\",\"item\":\"https:\\\/\\\/www.pressta-eisele.eu\\\/hu\\\/\"},{\"@type\":\"ListItem\",\"position\":2,\"name\":\"Shop\",\"item\":\"https:\\\/\\\/www.pressta-eisele.eu\\\/hu\\\/shop\\\/\"},{\"@type\":\"ListItem\",\"position\":3,\"name\":\"ELAN OS &#8211; T\u00e1maszfal\"}]},{\"@type\":\"WebSite\",\"@id\":\"https:\\\/\\\/www.pressta-eisele.eu\\\/hu\\\/#website\",\"url\":\"https:\\\/\\\/www.pressta-eisele.eu\\\/hu\\\/\",\"name\":\"Pressta Eisele \u010cS\",\"description\":\"Vitajte vo svete produktivity\",\"publisher\":{\"@id\":\"https:\\\/\\\/www.pressta-eisele.eu\\\/hu\\\/#organization\"},\"potentialAction\":[{\"@type\":\"SearchAction\",\"target\":{\"@type\":\"EntryPoint\",\"urlTemplate\":\"https:\\\/\\\/www.pressta-eisele.eu\\\/hu\\\/?s={search_term_string}\"},\"query-input\":{\"@type\":\"PropertyValueSpecification\",\"valueRequired\":true,\"valueName\":\"search_term_string\"}}],\"inLanguage\":\"hu\"},{\"@type\":\"Organization\",\"@id\":\"https:\\\/\\\/www.pressta-eisele.eu\\\/hu\\\/#organization\",\"name\":\"Pressta Eisele \u010cS\",\"url\":\"https:\\\/\\\/www.pressta-eisele.eu\\\/hu\\\/\",\"logo\":{\"@type\":\"ImageObject\",\"inLanguage\":\"hu\",\"@id\":\"https:\\\/\\\/www.pressta-eisele.eu\\\/hu\\\/#\\\/schema\\\/logo\\\/image\\\/\",\"url\":\"https:\\\/\\\/www.pressta-eisele.eu\\\/wp-content\\\/uploads\\\/2020\\\/11\\\/pressta-logo-01v.svg\",\"contentUrl\":\"https:\\\/\\\/www.pressta-eisele.eu\\\/wp-content\\\/uploads\\\/2020\\\/11\\\/pressta-logo-01v.svg\",\"caption\":\"Pressta Eisele \u010cS\"},\"image\":{\"@id\":\"https:\\\/\\\/www.pressta-eisele.eu\\\/hu\\\/#\\\/schema\\\/logo\\\/image\\\/\"}}]}<\/script>\n<!-- \/ Yoast SEO plugin. -->","yoast_head_json":{"title":"ELAN OS - T\u00e1maszfal - Pressta Eisele \u010cS","robots":{"index":"index","follow":"follow","max-snippet":"max-snippet:-1","max-image-preview":"max-image-preview:large","max-video-preview":"max-video-preview:-1"},"canonical":"https:\/\/www.pressta-eisele.eu\/hu\/produkt\/elan-os-tamaszfal\/","og_locale":"hu_HU","og_type":"article","og_title":"ELAN OS - T\u00e1maszfal - Pressta Eisele \u010cS","og_description":"Ablakelemek egyszer\u0171 \u00e9s k\u00e9nyelmes mozgat\u00e1sa.Egy kiszolg\u00e1l\u00f3szem\u00e9ly eljuttatja a szerkezetet a k\u00edv\u00e1nt \u00f6sszeszerel\u00e9si helyre.A modull\u00e1ris rendszer \u00e9s az osztott g\u00f6rg\u0151sorok lehet\u0151v\u00e9 teszik a t\u00e1maszfal megtervez\u00e9s\u00e9t a gy\u00e1rt\u00e1s taktus\u00e1t\u00f3l \u00e9s a gy\u00e1rt\u00f3sor kapacit\u00e1s\u00e1t\u00f3l f\u00fcgg\u0151en.Stabil ac\u00e9lkonstrukci\u00f3.F\u00fcggetlen magass\u00e1gi be\u00e1ll\u00edt\u00e1s lehet\u0151s\u00e9ge elimin\u00e1lja a padl\u00f3zat egyenletlens\u00e9geit \u00e9s lehet\u0151v\u00e9 teszi a m\u00e1r l\u00e9tez\u0151 technol\u00f3gi\u00e1ba val\u00f3 beilleszked\u00e9st.El\u0151nye m\u00e9g a megkarcolt term\u00e9kek probl\u00e9m\u00e1j\u00e1nak megold\u00e1sa, \u00e9s a gy\u00e1rt\u00e1si folyamat \u00e1ttekinthet\u0151v\u00e9 t\u00e9tele.","og_url":"https:\/\/www.pressta-eisele.eu\/hu\/produkt\/elan-os-tamaszfal\/","og_site_name":"Pressta Eisele \u010cS","article_modified_time":"2021-01-31T18:55:33+00:00","twitter_card":"summary_large_image","schema":{"@context":"https:\/\/schema.org","@graph":[{"@type":"WebPage","@id":"https:\/\/www.pressta-eisele.eu\/hu\/produkt\/elan-os-tamaszfal\/","url":"https:\/\/www.pressta-eisele.eu\/hu\/produkt\/elan-os-tamaszfal\/","name":"ELAN OS - T\u00e1maszfal - Pressta Eisele \u010cS","isPartOf":{"@id":"https:\/\/www.pressta-eisele.eu\/hu\/#website"},"datePublished":"2021-01-31T18:55:29+00:00","dateModified":"2021-01-31T18:55:33+00:00","breadcrumb":{"@id":"https:\/\/www.pressta-eisele.eu\/hu\/produkt\/elan-os-tamaszfal\/#breadcrumb"},"inLanguage":"hu","potentialAction":[{"@type":"ReadAction","target":["https:\/\/www.pressta-eisele.eu\/hu\/produkt\/elan-os-tamaszfal\/"]}]},{"@type":"BreadcrumbList","@id":"https:\/\/www.pressta-eisele.eu\/hu\/produkt\/elan-os-tamaszfal\/#breadcrumb","itemListElement":[{"@type":"ListItem","position":1,"name":"Home","item":"https:\/\/www.pressta-eisele.eu\/hu\/"},{"@type":"ListItem","position":2,"name":"Shop","item":"https:\/\/www.pressta-eisele.eu\/hu\/shop\/"},{"@type":"ListItem","position":3,"name":"ELAN OS &#8211; T\u00e1maszfal"}]},{"@type":"WebSite","@id":"https:\/\/www.pressta-eisele.eu\/hu\/#website","url":"https:\/\/www.pressta-eisele.eu\/hu\/","name":"Pressta Eisele \u010cS","description":"Vitajte vo svete produktivity","publisher":{"@id":"https:\/\/www.pressta-eisele.eu\/hu\/#organization"},"potentialAction":[{"@type":"SearchAction","target":{"@type":"EntryPoint","urlTemplate":"https:\/\/www.pressta-eisele.eu\/hu\/?s={search_term_string}"},"query-input":{"@type":"PropertyValueSpecification","valueRequired":true,"valueName":"search_term_string"}}],"inLanguage":"hu"},{"@type":"Organization","@id":"https:\/\/www.pressta-eisele.eu\/hu\/#organization","name":"Pressta Eisele \u010cS","url":"https:\/\/www.pressta-eisele.eu\/hu\/","logo":{"@type":"ImageObject","inLanguage":"hu","@id":"https:\/\/www.pressta-eisele.eu\/hu\/#\/schema\/logo\/image\/","url":"https:\/\/www.pressta-eisele.eu\/wp-content\/uploads\/2020\/11\/pressta-logo-01v.svg","contentUrl":"https:\/\/www.pressta-eisele.eu\/wp-content\/uploads\/2020\/11\/pressta-logo-01v.svg","caption":"Pressta Eisele \u010cS"},"image":{"@id":"https:\/\/www.pressta-eisele.eu\/hu\/#\/schema\/logo\/image\/"}}]}},"jetpack_sharing_enabled":true,"_links":{"self":[{"href":"https:\/\/www.pressta-eisele.eu\/hu\/wp-json\/wp\/v2\/product\/1632","targetHints":{"allow":["GET"]}}],"collection":[{"href":"https:\/\/www.pressta-eisele.eu\/hu\/wp-json\/wp\/v2\/product"}],"about":[{"href":"https:\/\/www.pressta-eisele.eu\/hu\/wp-json\/wp\/v2\/types\/product"}],"replies":[{"embeddable":true,"href":"https:\/\/www.pressta-eisele.eu\/hu\/wp-json\/wp\/v2\/comments?post=1632"}],"wp:attachment":[{"href":"https:\/\/www.pressta-eisele.eu\/hu\/wp-json\/wp\/v2\/media?parent=1632"}],"wp:term":[{"taxonomy":"product_brand","embeddable":true,"href":"https:\/\/www.pressta-eisele.eu\/hu\/wp-json\/wp\/v2\/product_brand?post=1632"},{"taxonomy":"product_cat","embeddable":true,"href":"https:\/\/www.pressta-eisele.eu\/hu\/wp-json\/wp\/v2\/product_cat?post=1632"},{"taxonomy":"product_tag","embeddable":true,"href":"https:\/\/www.pressta-eisele.eu\/hu\/wp-json\/wp\/v2\/product_tag?post=1632"}],"curies":[{"name":"wp","href":"https:\/\/api.w.org\/{rel}","templated":true}]}}

ELAN OS &#8211; Támaszfal

<ul>
<li>Ablakelemek egyszerű és kényelmes mozgatása.</li>
<li>Egy kiszolgálószemély eljuttatja a szerkezetet a kívánt összeszerelési helyre.</li>
<li>A modulláris rendszer és az osztott görgősorok lehetővé teszik a támaszfal megtervezését a gyártás taktusától és a gyártósor kapacitásától függően.</li>
<li>Stabil acélkonstrukció.</li>
<li>Független magassági beállítás lehetősége eliminálja a padlózat egyenletlenségeit és lehetővé teszi a már létező technológiába való beilleszkedést.</li>
<li>Előnye még a megkarcolt termékek problémájának megoldása, és a gyártási folyamat áttekinthetővé tétele.</li>
</ul>

<!-- This site is optimized with the Yoast SEO plugin v27.5 - https://yoast.com/product/yoast-seo-wordpress/ -->
<title>ELAN OS - Támaszfal - Pressta Eisele ČS</title>
<meta name="robots" content="index, follow, max-snippet:-1, max-image-preview:large, max-video-preview:-1" />
<link rel="canonical" href="https://www.pressta-eisele.eu/hu/produkt/elan-os-tamaszfal/" />
<meta property="og:locale" content="hu_HU" />
<meta property="og:type" content="article" />
<meta property="og:title" content="ELAN OS - Támaszfal - Pressta Eisele ČS" />
<meta property="og:description" content="Ablakelemek egyszerű és kényelmes mozgatása.Egy kiszolgálószemély eljuttatja a szerkezetet a kívánt összeszerelési helyre.A modulláris rendszer és az osztott görgősorok lehetővé teszik a támaszfal megtervezését a gyártás taktusától és a gyártósor kapacitásától függően.Stabil acélkonstrukció.Független magassági beállítás lehetősége eliminálja a padlózat egyenletlenségeit és lehetővé teszi a már létező technológiába való beilleszkedést.Előnye még a megkarcolt termékek problémájának megoldása, és a gyártási folyamat áttekinthetővé tétele." />
<meta property="og:url" content="https://www.pressta-eisele.eu/hu/produkt/elan-os-tamaszfal/" />
<meta property="og:site_name" content="Pressta Eisele ČS" />
<meta property="article:modified_time" content="2021-01-31T18:55:33+00:00" />
<meta name="twitter:card" content="summary_large_image" />
<script type="application/ld+json" class="yoast-schema-graph">{"@context":"https:\/\/schema.org","@graph":[{"@type":"WebPage","@id":"https:\/\/www.pressta-eisele.eu\/hu\/produkt\/elan-os-tamaszfal\/","url":"https:\/\/www.pressta-eisele.eu\/hu\/produkt\/elan-os-tamaszfal\/","name":"ELAN OS - Támaszfal - Pressta Eisele ČS","isPartOf":{"@id":"https:\/\/www.pressta-eisele.eu\/hu\/#website"},"datePublished":"2021-01-31T18:55:29+00:00","dateModified":"2021-01-31T18:55:33+00:00","breadcrumb":{"@id":"https:\/\/www.pressta-eisele.eu\/hu\/produkt\/elan-os-tamaszfal\/#breadcrumb"},"inLanguage":"hu","potentialAction":[{"@type":"ReadAction","target":["https:\/\/www.pressta-eisele.eu\/hu\/produkt\/elan-os-tamaszfal\/"]}]},{"@type":"BreadcrumbList","@id":"https:\/\/www.pressta-eisele.eu\/hu\/produkt\/elan-os-tamaszfal\/#breadcrumb","itemListElement":[{"@type":"ListItem","position":1,"name":"Home","item":"https:\/\/www.pressta-eisele.eu\/hu\/"},{"@type":"ListItem","position":2,"name":"Shop","item":"https:\/\/www.pressta-eisele.eu\/hu\/shop\/"},{"@type":"ListItem","position":3,"name":"ELAN OS &#8211; Támaszfal"}]},{"@type":"WebSite","@id":"https:\/\/www.pressta-eisele.eu\/hu\/#website","url":"https:\/\/www.pressta-eisele.eu\/hu\/","name":"Pressta Eisele ČS","description":"Vitajte vo svete produktivity","publisher":{"@id":"https:\/\/www.pressta-eisele.eu\/hu\/#organization"},"potentialAction":[{"@type":"SearchAction","target":{"@type":"EntryPoint","urlTemplate":"https:\/\/www.pressta-eisele.eu\/hu\/?s={search_term_string}"},"query-input":{"@type":"PropertyValueSpecification","valueRequired":true,"valueName":"search_term_string"}}],"inLanguage":"hu"},{"@type":"Organization","@id":"https:\/\/www.pressta-eisele.eu\/hu\/#organization","name":"Pressta Eisele ČS","url":"https:\/\/www.pressta-eisele.eu\/hu\/","logo":{"@type":"ImageObject","inLanguage":"hu","@id":"https:\/\/www.pressta-eisele.eu\/hu\/#\/schema\/logo\/image\/","url":"https:\/\/www.pressta-eisele.eu\/wp-content\/uploads\/2020\/11\/pressta-logo-01v.svg","contentUrl":"https:\/\/www.pressta-eisele.eu\/wp-content\/uploads\/2020\/11\/pressta-logo-01v.svg","caption":"Pressta Eisele ČS"},"image":{"@id":"https:\/\/www.pressta-eisele.eu\/hu\/#\/schema\/logo\/image\/"}}]}</script>
<!-- / Yoast SEO plugin. -->

ELAN OS - Támaszfal - Pressta Eisele ČS

Ablakelemek egyszerű és kényelmes mozgatása.Egy kiszolgálószemély eljuttatja a szerkezetet a kívánt összeszerelési helyre.A modulláris rendszer és az osztott görgősorok lehetővé teszik a támaszfal megtervezését a gyártás taktusától és a gyártósor kapacitásától függően.Stabil acélkonstrukció.Független magassági beállítás lehetősége eliminálja a padlózat egyenletlenségeit és lehetővé teszi a már létező technológiába való beilleszkedést.Előnye még a megkarcolt termékek problémájának megoldása, és a gyártási folyamat áttekinthetővé tétele.

Pressta Eisele ČS
