{"id":1601,"date":"2021-01-31T19:55:20","date_gmt":"2021-01-31T18:55:20","guid":{"rendered":"https:\/\/www.pressta-eisele.eu\/produkt\/nova-m3m-m3p-uvegezolecvago\/"},"modified":"2021-01-31T19:55:21","modified_gmt":"2021-01-31T18:55:21","slug":"nova-m3m-m3p-uvegezolecvago","status":"publish","type":"product","link":"https:\/\/www.pressta-eisele.eu\/hu\/produkt\/nova-m3m-m3p-uvegezolecvago\/","title":{"rendered":"NOVA M3M\/M3P &#8211; \u00dcvegez\u0151l\u00e9cv\u00e1g\u00f3"},"content":{"rendered":"","protected":false},"excerpt":{"rendered":"<ul>\n<li>Ez a g\u00e9p b\u00e1rmely profilrendszer PVC \u00fcvegez\u0151leceinek pontos, gyors \u00e9s egyszer\u0171 darabol\u00e1s\u00e1ra szolg\u00e1l.<\/li>\n<li>A m\u0171szaki megold\u00e1s eredetis\u00e9ge lehet\u0151v\u00e9 teszi a v\u00e1g\u00e1s magas pontoss\u00e1g\u00e1t       \u00e9s az \u00fcvegez\u0151l\u00e9c r\u00e9sz\u00e9nek min\u0151s\u00e9gi bemar\u00e1s\u00e1t.<\/li>\n<li>A g\u00e9p teljesen automata munkaciklusa.<\/li>\n<li>Az \u00fcvegez\u0151l\u00e9c m\u00e9reteit tekintve \u00e1tlagon feletti param\u00e9terek.<\/li>\n<li>Eredeti univerz\u00e1lis \u00fcvegez\u0151l\u00e9c-r\u00f6gz\u00edt\u00e9s a komplett profilrendszerhez.<\/li>\n<li>K\u00e9nyelmes digit\u00e1lis hosszm\u00e9rt\u00e9k.<\/li>\n<li>Felhaszn\u00e1lt elemek probl\u00e9mamentes \u00fczemeltet\u00e9st \u00e9s hossz\u00fa \u00e9lettartalmat biztos\u00edtanak.<\/li>\n<\/ul>\n","protected":false},"featured_media":0,"comment_status":"closed","ping_status":"open","template":"","meta":{"_monsterinsights_skip_tracking":false,"_monsterinsights_sitenote_active":false,"_monsterinsights_sitenote_note":"","_monsterinsights_sitenote_category":0},"product_brand":[],"product_cat":[],"product_tag":[],"class_list":{"0":"post-1601","1":"product","2":"type-product","3":"status-publish","6":"first","7":"instock","8":"product-type-simple"},"yoast_head":"<!-- This site is optimized with the Yoast SEO plugin v27.5 - https:\/\/yoast.com\/product\/yoast-seo-wordpress\/ -->\n<title>NOVA M3M\/M3P - \u00dcvegez\u0151l\u00e9cv\u00e1g\u00f3 - Pressta Eisele \u010cS<\/title>\n<meta name=\"robots\" content=\"index, follow, max-snippet:-1, max-image-preview:large, max-video-preview:-1\" \/>\n<link rel=\"canonical\" href=\"https:\/\/www.pressta-eisele.eu\/hu\/produkt\/nova-m3m-m3p-uvegezolecvago\/\" \/>\n<meta property=\"og:locale\" content=\"hu_HU\" \/>\n<meta property=\"og:type\" content=\"article\" \/>\n<meta property=\"og:title\" content=\"NOVA M3M\/M3P - \u00dcvegez\u0151l\u00e9cv\u00e1g\u00f3 - Pressta Eisele \u010cS\" \/>\n<meta property=\"og:description\" content=\"Ez a g\u00e9p b\u00e1rmely profilrendszer PVC \u00fcvegez\u0151leceinek pontos, gyors \u00e9s egyszer\u0171 darabol\u00e1s\u00e1ra szolg\u00e1l.A m\u0171szaki megold\u00e1s eredetis\u00e9ge lehet\u0151v\u00e9 teszi a v\u00e1g\u00e1s magas pontoss\u00e1g\u00e1t    \u00e9s az \u00fcvegez\u0151l\u00e9c r\u00e9sz\u00e9nek min\u0151s\u00e9gi bemar\u00e1s\u00e1t.A g\u00e9p teljesen automata munkaciklusa.Az \u00fcvegez\u0151l\u00e9c m\u00e9reteit tekintve \u00e1tlagon feletti param\u00e9terek.Eredeti univerz\u00e1lis \u00fcvegez\u0151l\u00e9c-r\u00f6gz\u00edt\u00e9s a komplett profilrendszerhez.K\u00e9nyelmes digit\u00e1lis hosszm\u00e9rt\u00e9k.Felhaszn\u00e1lt elemek probl\u00e9mamentes \u00fczemeltet\u00e9st \u00e9s hossz\u00fa \u00e9lettartalmat biztos\u00edtanak.\" \/>\n<meta property=\"og:url\" content=\"https:\/\/www.pressta-eisele.eu\/hu\/produkt\/nova-m3m-m3p-uvegezolecvago\/\" \/>\n<meta property=\"og:site_name\" content=\"Pressta Eisele \u010cS\" \/>\n<meta property=\"article:modified_time\" content=\"2021-01-31T18:55:21+00:00\" \/>\n<meta name=\"twitter:card\" content=\"summary_large_image\" \/>\n<script type=\"application\/ld+json\" class=\"yoast-schema-graph\">{\"@context\":\"https:\\\/\\\/schema.org\",\"@graph\":[{\"@type\":\"WebPage\",\"@id\":\"https:\\\/\\\/www.pressta-eisele.eu\\\/hu\\\/produkt\\\/nova-m3m-m3p-uvegezolecvago\\\/\",\"url\":\"https:\\\/\\\/www.pressta-eisele.eu\\\/hu\\\/produkt\\\/nova-m3m-m3p-uvegezolecvago\\\/\",\"name\":\"NOVA M3M\\\/M3P - \u00dcvegez\u0151l\u00e9cv\u00e1g\u00f3 - Pressta Eisele \u010cS\",\"isPartOf\":{\"@id\":\"https:\\\/\\\/www.pressta-eisele.eu\\\/hu\\\/#website\"},\"datePublished\":\"2021-01-31T18:55:20+00:00\",\"dateModified\":\"2021-01-31T18:55:21+00:00\",\"breadcrumb\":{\"@id\":\"https:\\\/\\\/www.pressta-eisele.eu\\\/hu\\\/produkt\\\/nova-m3m-m3p-uvegezolecvago\\\/#breadcrumb\"},\"inLanguage\":\"hu\",\"potentialAction\":[{\"@type\":\"ReadAction\",\"target\":[\"https:\\\/\\\/www.pressta-eisele.eu\\\/hu\\\/produkt\\\/nova-m3m-m3p-uvegezolecvago\\\/\"]}]},{\"@type\":\"BreadcrumbList\",\"@id\":\"https:\\\/\\\/www.pressta-eisele.eu\\\/hu\\\/produkt\\\/nova-m3m-m3p-uvegezolecvago\\\/#breadcrumb\",\"itemListElement\":[{\"@type\":\"ListItem\",\"position\":1,\"name\":\"Home\",\"item\":\"https:\\\/\\\/www.pressta-eisele.eu\\\/hu\\\/\"},{\"@type\":\"ListItem\",\"position\":2,\"name\":\"Shop\",\"item\":\"https:\\\/\\\/www.pressta-eisele.eu\\\/hu\\\/shop\\\/\"},{\"@type\":\"ListItem\",\"position\":3,\"name\":\"NOVA M3M\\\/M3P &#8211; \u00dcvegez\u0151l\u00e9cv\u00e1g\u00f3\"}]},{\"@type\":\"WebSite\",\"@id\":\"https:\\\/\\\/www.pressta-eisele.eu\\\/hu\\\/#website\",\"url\":\"https:\\\/\\\/www.pressta-eisele.eu\\\/hu\\\/\",\"name\":\"Pressta Eisele \u010cS\",\"description\":\"Vitajte vo svete produktivity\",\"publisher\":{\"@id\":\"https:\\\/\\\/www.pressta-eisele.eu\\\/hu\\\/#organization\"},\"potentialAction\":[{\"@type\":\"SearchAction\",\"target\":{\"@type\":\"EntryPoint\",\"urlTemplate\":\"https:\\\/\\\/www.pressta-eisele.eu\\\/hu\\\/?s={search_term_string}\"},\"query-input\":{\"@type\":\"PropertyValueSpecification\",\"valueRequired\":true,\"valueName\":\"search_term_string\"}}],\"inLanguage\":\"hu\"},{\"@type\":\"Organization\",\"@id\":\"https:\\\/\\\/www.pressta-eisele.eu\\\/hu\\\/#organization\",\"name\":\"Pressta Eisele \u010cS\",\"url\":\"https:\\\/\\\/www.pressta-eisele.eu\\\/hu\\\/\",\"logo\":{\"@type\":\"ImageObject\",\"inLanguage\":\"hu\",\"@id\":\"https:\\\/\\\/www.pressta-eisele.eu\\\/hu\\\/#\\\/schema\\\/logo\\\/image\\\/\",\"url\":\"https:\\\/\\\/www.pressta-eisele.eu\\\/wp-content\\\/uploads\\\/2020\\\/11\\\/pressta-logo-01v.svg\",\"contentUrl\":\"https:\\\/\\\/www.pressta-eisele.eu\\\/wp-content\\\/uploads\\\/2020\\\/11\\\/pressta-logo-01v.svg\",\"caption\":\"Pressta Eisele \u010cS\"},\"image\":{\"@id\":\"https:\\\/\\\/www.pressta-eisele.eu\\\/hu\\\/#\\\/schema\\\/logo\\\/image\\\/\"}}]}<\/script>\n<!-- \/ Yoast SEO plugin. -->","yoast_head_json":{"title":"NOVA M3M\/M3P - \u00dcvegez\u0151l\u00e9cv\u00e1g\u00f3 - Pressta Eisele \u010cS","robots":{"index":"index","follow":"follow","max-snippet":"max-snippet:-1","max-image-preview":"max-image-preview:large","max-video-preview":"max-video-preview:-1"},"canonical":"https:\/\/www.pressta-eisele.eu\/hu\/produkt\/nova-m3m-m3p-uvegezolecvago\/","og_locale":"hu_HU","og_type":"article","og_title":"NOVA M3M\/M3P - \u00dcvegez\u0151l\u00e9cv\u00e1g\u00f3 - Pressta Eisele \u010cS","og_description":"Ez a g\u00e9p b\u00e1rmely profilrendszer PVC \u00fcvegez\u0151leceinek pontos, gyors \u00e9s egyszer\u0171 darabol\u00e1s\u00e1ra szolg\u00e1l.A m\u0171szaki megold\u00e1s eredetis\u00e9ge lehet\u0151v\u00e9 teszi a v\u00e1g\u00e1s magas pontoss\u00e1g\u00e1t    \u00e9s az \u00fcvegez\u0151l\u00e9c r\u00e9sz\u00e9nek min\u0151s\u00e9gi bemar\u00e1s\u00e1t.A g\u00e9p teljesen automata munkaciklusa.Az \u00fcvegez\u0151l\u00e9c m\u00e9reteit tekintve \u00e1tlagon feletti param\u00e9terek.Eredeti univerz\u00e1lis \u00fcvegez\u0151l\u00e9c-r\u00f6gz\u00edt\u00e9s a komplett profilrendszerhez.K\u00e9nyelmes digit\u00e1lis hosszm\u00e9rt\u00e9k.Felhaszn\u00e1lt elemek probl\u00e9mamentes \u00fczemeltet\u00e9st \u00e9s hossz\u00fa \u00e9lettartalmat biztos\u00edtanak.","og_url":"https:\/\/www.pressta-eisele.eu\/hu\/produkt\/nova-m3m-m3p-uvegezolecvago\/","og_site_name":"Pressta Eisele \u010cS","article_modified_time":"2021-01-31T18:55:21+00:00","twitter_card":"summary_large_image","schema":{"@context":"https:\/\/schema.org","@graph":[{"@type":"WebPage","@id":"https:\/\/www.pressta-eisele.eu\/hu\/produkt\/nova-m3m-m3p-uvegezolecvago\/","url":"https:\/\/www.pressta-eisele.eu\/hu\/produkt\/nova-m3m-m3p-uvegezolecvago\/","name":"NOVA M3M\/M3P - \u00dcvegez\u0151l\u00e9cv\u00e1g\u00f3 - Pressta Eisele \u010cS","isPartOf":{"@id":"https:\/\/www.pressta-eisele.eu\/hu\/#website"},"datePublished":"2021-01-31T18:55:20+00:00","dateModified":"2021-01-31T18:55:21+00:00","breadcrumb":{"@id":"https:\/\/www.pressta-eisele.eu\/hu\/produkt\/nova-m3m-m3p-uvegezolecvago\/#breadcrumb"},"inLanguage":"hu","potentialAction":[{"@type":"ReadAction","target":["https:\/\/www.pressta-eisele.eu\/hu\/produkt\/nova-m3m-m3p-uvegezolecvago\/"]}]},{"@type":"BreadcrumbList","@id":"https:\/\/www.pressta-eisele.eu\/hu\/produkt\/nova-m3m-m3p-uvegezolecvago\/#breadcrumb","itemListElement":[{"@type":"ListItem","position":1,"name":"Home","item":"https:\/\/www.pressta-eisele.eu\/hu\/"},{"@type":"ListItem","position":2,"name":"Shop","item":"https:\/\/www.pressta-eisele.eu\/hu\/shop\/"},{"@type":"ListItem","position":3,"name":"NOVA M3M\/M3P &#8211; \u00dcvegez\u0151l\u00e9cv\u00e1g\u00f3"}]},{"@type":"WebSite","@id":"https:\/\/www.pressta-eisele.eu\/hu\/#website","url":"https:\/\/www.pressta-eisele.eu\/hu\/","name":"Pressta Eisele \u010cS","description":"Vitajte vo svete produktivity","publisher":{"@id":"https:\/\/www.pressta-eisele.eu\/hu\/#organization"},"potentialAction":[{"@type":"SearchAction","target":{"@type":"EntryPoint","urlTemplate":"https:\/\/www.pressta-eisele.eu\/hu\/?s={search_term_string}"},"query-input":{"@type":"PropertyValueSpecification","valueRequired":true,"valueName":"search_term_string"}}],"inLanguage":"hu"},{"@type":"Organization","@id":"https:\/\/www.pressta-eisele.eu\/hu\/#organization","name":"Pressta Eisele \u010cS","url":"https:\/\/www.pressta-eisele.eu\/hu\/","logo":{"@type":"ImageObject","inLanguage":"hu","@id":"https:\/\/www.pressta-eisele.eu\/hu\/#\/schema\/logo\/image\/","url":"https:\/\/www.pressta-eisele.eu\/wp-content\/uploads\/2020\/11\/pressta-logo-01v.svg","contentUrl":"https:\/\/www.pressta-eisele.eu\/wp-content\/uploads\/2020\/11\/pressta-logo-01v.svg","caption":"Pressta Eisele \u010cS"},"image":{"@id":"https:\/\/www.pressta-eisele.eu\/hu\/#\/schema\/logo\/image\/"}}]}},"jetpack_sharing_enabled":true,"_links":{"self":[{"href":"https:\/\/www.pressta-eisele.eu\/hu\/wp-json\/wp\/v2\/product\/1601","targetHints":{"allow":["GET"]}}],"collection":[{"href":"https:\/\/www.pressta-eisele.eu\/hu\/wp-json\/wp\/v2\/product"}],"about":[{"href":"https:\/\/www.pressta-eisele.eu\/hu\/wp-json\/wp\/v2\/types\/product"}],"replies":[{"embeddable":true,"href":"https:\/\/www.pressta-eisele.eu\/hu\/wp-json\/wp\/v2\/comments?post=1601"}],"wp:attachment":[{"href":"https:\/\/www.pressta-eisele.eu\/hu\/wp-json\/wp\/v2\/media?parent=1601"}],"wp:term":[{"taxonomy":"product_brand","embeddable":true,"href":"https:\/\/www.pressta-eisele.eu\/hu\/wp-json\/wp\/v2\/product_brand?post=1601"},{"taxonomy":"product_cat","embeddable":true,"href":"https:\/\/www.pressta-eisele.eu\/hu\/wp-json\/wp\/v2\/product_cat?post=1601"},{"taxonomy":"product_tag","embeddable":true,"href":"https:\/\/www.pressta-eisele.eu\/hu\/wp-json\/wp\/v2\/product_tag?post=1601"}],"curies":[{"name":"wp","href":"https:\/\/api.w.org\/{rel}","templated":true}]}}

NOVA M3M/M3P &#8211; Üvegezőlécvágó

<ul>
<li>Ez a gép bármely profilrendszer PVC üvegezőleceinek pontos, gyors és egyszerű darabolására szolgál.</li>
<li>A műszaki megoldás eredetisége lehetővé teszi a vágás magas pontosságát       és az üvegezőléc részének minőségi bemarását.</li>
<li>A gép teljesen automata munkaciklusa.</li>
<li>Az üvegezőléc méreteit tekintve átlagon feletti paraméterek.</li>
<li>Eredeti univerzális üvegezőléc-rögzítés a komplett profilrendszerhez.</li>
<li>Kényelmes digitális hosszmérték.</li>
<li>Felhasznált elemek problémamentes üzemeltetést és hosszú élettartalmat biztosítanak.</li>
</ul>

<!-- This site is optimized with the Yoast SEO plugin v27.5 - https://yoast.com/product/yoast-seo-wordpress/ -->
<title>NOVA M3M/M3P - Üvegezőlécvágó - Pressta Eisele ČS</title>
<meta name="robots" content="index, follow, max-snippet:-1, max-image-preview:large, max-video-preview:-1" />
<link rel="canonical" href="https://www.pressta-eisele.eu/hu/produkt/nova-m3m-m3p-uvegezolecvago/" />
<meta property="og:locale" content="hu_HU" />
<meta property="og:type" content="article" />
<meta property="og:title" content="NOVA M3M/M3P - Üvegezőlécvágó - Pressta Eisele ČS" />
<meta property="og:description" content="Ez a gép bármely profilrendszer PVC üvegezőleceinek pontos, gyors és egyszerű darabolására szolgál.A műszaki megoldás eredetisége lehetővé teszi a vágás magas pontosságát    és az üvegezőléc részének minőségi bemarását.A gép teljesen automata munkaciklusa.Az üvegezőléc méreteit tekintve átlagon feletti paraméterek.Eredeti univerzális üvegezőléc-rögzítés a komplett profilrendszerhez.Kényelmes digitális hosszmérték.Felhasznált elemek problémamentes üzemeltetést és hosszú élettartalmat biztosítanak." />
<meta property="og:url" content="https://www.pressta-eisele.eu/hu/produkt/nova-m3m-m3p-uvegezolecvago/" />
<meta property="og:site_name" content="Pressta Eisele ČS" />
<meta property="article:modified_time" content="2021-01-31T18:55:21+00:00" />
<meta name="twitter:card" content="summary_large_image" />
<script type="application/ld+json" class="yoast-schema-graph">{"@context":"https:\/\/schema.org","@graph":[{"@type":"WebPage","@id":"https:\/\/www.pressta-eisele.eu\/hu\/produkt\/nova-m3m-m3p-uvegezolecvago\/","url":"https:\/\/www.pressta-eisele.eu\/hu\/produkt\/nova-m3m-m3p-uvegezolecvago\/","name":"NOVA M3M\/M3P - Üvegezőlécvágó - Pressta Eisele ČS","isPartOf":{"@id":"https:\/\/www.pressta-eisele.eu\/hu\/#website"},"datePublished":"2021-01-31T18:55:20+00:00","dateModified":"2021-01-31T18:55:21+00:00","breadcrumb":{"@id":"https:\/\/www.pressta-eisele.eu\/hu\/produkt\/nova-m3m-m3p-uvegezolecvago\/#breadcrumb"},"inLanguage":"hu","potentialAction":[{"@type":"ReadAction","target":["https:\/\/www.pressta-eisele.eu\/hu\/produkt\/nova-m3m-m3p-uvegezolecvago\/"]}]},{"@type":"BreadcrumbList","@id":"https:\/\/www.pressta-eisele.eu\/hu\/produkt\/nova-m3m-m3p-uvegezolecvago\/#breadcrumb","itemListElement":[{"@type":"ListItem","position":1,"name":"Home","item":"https:\/\/www.pressta-eisele.eu\/hu\/"},{"@type":"ListItem","position":2,"name":"Shop","item":"https:\/\/www.pressta-eisele.eu\/hu\/shop\/"},{"@type":"ListItem","position":3,"name":"NOVA M3M\/M3P &#8211; Üvegezőlécvágó"}]},{"@type":"WebSite","@id":"https:\/\/www.pressta-eisele.eu\/hu\/#website","url":"https:\/\/www.pressta-eisele.eu\/hu\/","name":"Pressta Eisele ČS","description":"Vitajte vo svete produktivity","publisher":{"@id":"https:\/\/www.pressta-eisele.eu\/hu\/#organization"},"potentialAction":[{"@type":"SearchAction","target":{"@type":"EntryPoint","urlTemplate":"https:\/\/www.pressta-eisele.eu\/hu\/?s={search_term_string}"},"query-input":{"@type":"PropertyValueSpecification","valueRequired":true,"valueName":"search_term_string"}}],"inLanguage":"hu"},{"@type":"Organization","@id":"https:\/\/www.pressta-eisele.eu\/hu\/#organization","name":"Pressta Eisele ČS","url":"https:\/\/www.pressta-eisele.eu\/hu\/","logo":{"@type":"ImageObject","inLanguage":"hu","@id":"https:\/\/www.pressta-eisele.eu\/hu\/#\/schema\/logo\/image\/","url":"https:\/\/www.pressta-eisele.eu\/wp-content\/uploads\/2020\/11\/pressta-logo-01v.svg","contentUrl":"https:\/\/www.pressta-eisele.eu\/wp-content\/uploads\/2020\/11\/pressta-logo-01v.svg","caption":"Pressta Eisele ČS"},"image":{"@id":"https:\/\/www.pressta-eisele.eu\/hu\/#\/schema\/logo\/image\/"}}]}</script>
<!-- / Yoast SEO plugin. -->

NOVA M3M/M3P - Üvegezőlécvágó - Pressta Eisele ČS

Ez a gép bármely profilrendszer PVC üvegezőleceinek pontos, gyors és egyszerű darabolására szolgál.A műszaki megoldás eredetisége lehetővé teszi a vágás magas pontosságát    és az üvegezőléc részének minőségi bemarását.A gép teljesen automata munkaciklusa.Az üvegezőléc méreteit tekintve átlagon feletti paraméterek.Eredeti univerzális üvegezőléc-rögzítés a komplett profilrendszerhez.Kényelmes digitális hosszmérték.Felhasznált elemek problémamentes üzemeltetést és hosszú élettartalmat biztosítanak.

Pressta Eisele ČS
